**2 + 145*l - 8. Calculate u(9).
1
Let k(s) = -s**3 - 3*s**2 - 14*s - 10. What is k(-5)?
110
Let p(l) = 161*l + 16583. Give p(-103).
0
Let n(w) = 29*w + 2050. What is n(-70)?
20
Let w(i) = -i**2 + 18*i + 89. What is w(-6)?
-55
Let n(l) = -l**2 + 298*l + 3354. Determine n(-11).
-45
Let b(o) = -327*o - 1982. Determine b(-6).
-20
Let v(b) = 16*b**2 + 437*b - 886. Determine v(2).
52
Let a(x) = -42*x**2 - 156*x + 33. Calculate a(-4).
-15
Let n(g) = 2*g**2 - 41*g + 44. Determine n(1).
5
Let d(k) = -k**3 + 33*k**2 - 33*k - 2399. Calculate d(29).
8
Let d(k) = -78*k - 14192. Determine d(-182).
4
Let k(g) = -35*g + 2371. Give k(68).
-9
Let w(s) = -2*s**2 - 144*s - 2180. Give w(-22).
20
Let m(s) = -s**2 - 165*s - 332. What is m(-163)?
-6
Let u(z) = 28*z + 2110. Calculate u(-75).
10
Let f(i) = i**3 + i**2 + 23*i - 388. What is f(6)?
2
Let r(h) = -9*h**2 + 267*h + 410. What is r(31)?
38
Let t(j) = -2*j**3 - 2*j**2 + 70*j + 37. What is t(-6)?
-23
Let m(q) = -3*q**2 + 202*q - 50. Determine m(67).
17
Let m(c) = -26*c - 2888. Give m(-114).
76
Let p(l) = 26*l + 284. Determine p(-11).
-2
Let n(m) = m**3 + 18*m**2 + 12*m - 3. Give n(-17).
82
Let u(i) = -i**2 + 50*i - 616. What is u(22)?
0
Let r(d) = d**3 - 41*d**2 - 88*d + 20. Calculate r(43).
-66
Let z(d) = -d**2 - 9*d + 32. Give z(3).
-4
Let z(o) = -3*o**3 - 148*o**2 + 95*o - 257. What is z(-50)?
-7
Let q(a) = a**2 + 291*a + 20932. Determine q(-130).
2
Let t(v) = -v**2 - 15*v + 70. Determine t(-19).
-6
Let b(h) = 17*h**2 - 171*h - 3944. Calculate b(-11).
-6
Let n(k) = k**3 + 11*k**2 - 95*k - 1158. Give n(-12).
-162
Let o(a) = 185*a - 6317. Give o(34).
-27
Let q(t) = -23*t - 15. Give q(-6).
123
Let p(a) = 16*a - 635. Determine p(40).
5
Let h(v) = -253*v + 542. Determine h(2).
36
Let t(b) = -b**3 - 11*b**2 + 20*b - 20. Calculate t(-13).
58
Let d(a) = -a**3 - 66*a**2 + 145*a + 648. What is d(-68)?
36
Let o(q) = -q**2 + 52*q - 424. Determine o(10).
-4
Let x(u) = 95*u - 36. What is x(2)?
154
Let f(i) = 3*i**2 + 337*i + 9299. Determine f(-64).
19
Let k(t) = -38*t - 62. Calculate k(2).
-138
Let s(u) = -u**3 + 5*u**2 + 3*u + 5. Calculate s(5).
20
Let j(a) = a**2 - 10*a + 52. Determine j(4).
28
Let l(f) = 177*f - 1935. Determine l(11).
12
Let o(y) = 2*y**2 - 689*y + 2075. Calculate o(3).
26
Let s(k) = 1676*k + 8338. Give s(-5).
-42
Let c(n) = -2*n**2 - 32*n + 102. Determine c(-13).
180
Let c(t) = -198*t - 4347. Calculate c(-22).
9
Let y(c) = -c**3 + 6*c**2 - 175*c + 673. Give y(4).
5
Let z(y) = 16*y + 3. Determine z(-7).
-109
Let x(h) = -4*h**2 + 33*h - 44. What is x(3)?
19
Let b(l) = 589*l**2 - 8*l + 1. Give b(1).
582
Let w(r) = -65*r - 4012. Give w(-52).
-632
Let l(n) = -37*n - 140. Determine l(-4).
8
Let k(j) = -j**3 + 14*j**2 + 9*j + 19. What is k(15)?
-71
Let n(j) = j**2 - 31*j + 133. Calculate n(25).
-17
Let m(u) = -50*u + 10936. Determine m(219).
-14
Let q(x) = x**3 - 13*x**2 + 40*x - 7. Calculate q(8).
-7
Let d(r) = 2*r**2 - 63*r + 165. What is d(29)?
20
Let j(l) = l**2 + 62*l + 292. Give j(-57).
7
Let i(c) = c**3 - 45*c**2 - 41*c - 240. Determine i(46).
-10
Let r(p) = 3509*p + 38587. Calculate r(-11).
-12
Let k(x) = -2447*x + 63624. Calculate k(26).
2
Let t(o) = -o**3 + 4*o**2 - 10*o + 83. Calculate t(8).
-253
Let x(p) = 7*p - 221. Give x(18).
-95
Let n(g) = -197*g - 1741. What is n(-5)?
-756
Let u(q) = 50*q**2 - 299*q - 7. Give u(6).
-1
Let w(i) = i**3 - 12*i**2 + 63*i - 238. Give w(7).
-42
Let o(w) = -w**2 - 80*w + 1102. Calculate o(-92).
-2
Let z(y) = 2*y**2 + 76*y - 837. Determine z(-47).
9
Let p(j) = 4*j + 91. Calculate p(-31).
-33
Let a(x) = -304*x + 15. Determine a(0).
15
Let z(n) = n**2 + 123*n - 788. Give z(6).
-14
Let x(w) = w**3 - 90*w**2 + 8*w - 722. Determine x(90).
-2
Let y(v) = -v**2 - 110*v + 1875. Give y(15).
0
Let z(b) = -2*b**2 - 123*b - 1326. Calculate z(-14).
4
Let r(h) = 6*h**2 + 109*h + 409. Give r(-12).
-35
Let c(k) = -k**2 + 34*k - 246. Calculate c(23).
7
Let m(l) = l**3 + 11*l + 29. Calculate m(0).
29
Let s(i) = i**2 + 903*i + 156542. Calculate s(-234).
-4
Let r(i) = 16*i**2 - 3*i - 31. Calculate r(0).
-31
Let b(n) = -62*n - 872. Determine b(-13).
-66
Let o(w) = 51*w - 1232. What is o(28)?
196
Let z(a) = -a**3 - 13*a**2 + 3*a + 48. Determine z(-13).
9
Let z(p) = 6*p**3 - 39*p**2 - 27*p + 25. What is z(7)?
-17
Let h(j) = -j**3 + 76*j**2 - 219*j + 3. Determine h(3).
3
Let r(s) = s**2 - 67*s - 367. Determine r(-5).
-7
Let w(c) = 14*c**3 + 13*c**2 + 32*c + 9. Determine w(-2).
-115
Let v(l) = l**3 + 111*l**2 - 1338*l + 483. Calculate v(-122).
-5
Let c(y) = y**3 - 10*y**2 - 115*y + 34. Determine c(-7).
6
Let v(h) = h**3 + 72*h**2 - 4*h - 273. What is v(-72)?
15
Let l(z) = 1345*z + 6720. Calculate l(-5).
-5
Let b(j) = -71*j - 782. Give b(-12).
70
Let k(j) = -j**2 - 27*j - 27. Calculate k(-33).
-225
Let u(t) = 99*t - 276. Determine u(0).
-276
Let i(z) = -z**3 + 7*z**2 - 449*z + 2195. Calculate i(5).
0
Let k(s) = 28*s + 13. Give k(-2).
-43
Let p(t) = -28*t + 30. Determine p(6).
-138
Let q(w) = 7*w**3 + 10*w**2 + 32*w + 126. Calculate q(-5).
-659
Let j(p) = p**3 - 58*p**2 - 124*p + 234. What is j(60)?
-6
Let u(h) = 38*h. Give u(4).
152
Let o(u) = u**3 + 37*u**2 + 4*u + 111. Calculate o(-37).
-37
Let c(r) = -61*r**2 - 803*r + 27. Give c(-13).
157
Let q(g) = -g**3 - 37*g**2 + 39*g + 16. Determine q(-38).
-22
Let n(i) = 30*i + 1795. Give n(-54).
175
Let p(m) = 2*m**3 - 65*m**2 - 14*m - 53. Calculate p(33).
574
Let q(y) = 29*y**2 + 259*y - 14. Determine q(-9).
4
Let c(u) = -u**3 + 22*u**2 + 20*u - 1463. What is c(19)?
0
Let g(z) = -z**2 - 61*z - 117. Give g(-58).
57
Let v(o) = -o**3 - 19*o**2 - 40*o + 1. Give v(-2).
13
Let q(v) = -13*v + 292. What is q(28)?
-72
Let l(f) = -f**3 - 7*f**2 + 55*f + 114. What is l(-11)?
-7
Let m(c) = 2*c - 20. Give m(6).
-8
Let g(h) = 4*h - 563. What is g(75)?
-263
Let r(b) = -b**3 - 20*b**2 + 17*b - 60. Give r(-21).
24
Let x(y) = 16*y**2 - 77*y + 113. Give x(3).
26
Let t(j) = -j**2 - 49*j - 473. Give t(-32).
71
Let k(h) = -386*h - 1927. What is k(-5)?
3
Let d(p) = -39993*p - 319944. What is d(-8)?
0
Let d(s) = -36*s + 1548. Calculate d(47).
-144
Let s(b) = 43*b - 4252. Give s(98).
-38
Let o(n) = -42*n**2 - 1891*n - 54. Give o(-45).
-9
Let g(u) = -u**3 + 35*u**2 - 31*u - 128. Calculate g(34).
-26
Let h(d) = -d**2 + 22*d - 100. Calculate h(8).
12
Let w(i) = -i**3 + 17*i**2 + 4*i - 29. What is w(17)?
39
Let a(b) = b**3 + 3*b**2 - 10*b + 52. Give a(-7).
-74
Let q(w) = -w - 10. Give q(2).
-12
Let a(f) = -f**3 + 8*f**2 + 128*f + 5. Calculate a(16).
5
Let a(f) = -6*f**2 - 11*f + 503. Determine a(14).
-827
Let f(g) = -76*g + 1970. Give f(26).
-6
Let a(l) = -782*l + 8597. What is a(11)?
-5
Let c(b) = b**2 + 431*b + 7434. Give c(-18).
0
Let a(w) = -19*w**2 - 680*w + 75. Give a(-36).
-69
Let k(f) = -f**2 - 261*f - 3757. What is k(-15)?
-67
Let y(n) = -n**3 - 3*n**2 - 16*n - 39. Calculate y(-6).
165
Let w(y) = -y**2 - 69*y - 1084. What is w(-24)?
-4
Let v(t) = 15007*t - 60037. Determine v(4).
-9
Let k(i) = 1169*i - 9326. Determine k(8).
26
Let q(y) = y**2 + 25*y - 89. Determine q(-28).
-5
Let y(h) = 42*h**2 - 553*h + 87. Calculate y(13).
-4
Let z(f) = f**3 + 7*f**2 - 14*f - 61. What is z(-3)?
17
Let v(w) = 2*w**2 - 18*w - 463. Give v(-11).
-23
Let x(h) = -3*h**3 + 44*h**2 + 21*h - 91. Determine x(15).
-1
Let x(o) = 178*o - 537. What is x(3)?
-3
Let o(u) = -27*u**2 + 89*u + 14. What is o(4)?
-62
Let l(g) = 4*g**2 - 70*g + 315. What is l(5)?
65
Let k(m) = -3*m**2 + 261*m + 1110. What is k(-4)?
18
Let r(s) = -138*s - 209. Determine r(-1).
-71
Let a(l) = 70*l**2 - 12*l - 49. Calculate a(-3).
617
Let d(j) = 14*j**2 - 208*j - 212. Calculate d(-1).
10
Let u(x) = -192*x - 2030. Give u(-9).
-302
Let c(w) = w**2 - 4*w - 2245. Determine c(-44).
-133
Let l(o) = -24*o + 891. What is l(37)?
3
Let n(s) = -22*s - 266. Calculate n(-13).
20
Let y(o) = -o**3 + 29*o**2 - 128*o + 161. Calculate y(24).
-31
Let l(g) = -9772*g - 39088. Calculate l(-4).
0
Let z(o) = -2*o**3 - 21*o**2 + 19*o + 84. Determine z(-11).
-4
Let u(q) = 2001*q - 29999. What is u(15)?
16
Let k(l) = l**3 + 19*l**2 - 17*l + 70. Determine k(-20).
10
Let q(z) = 10*z**2 + 35*z + 14. What is q(-8)?
374
Let p(j) = -128*j**2 - 2. What is p(1)?
-130
Let i(x) = -2*x - 29. Calculate i(-19).
9
Let v(n) = -13*n**2 + 44*n + 24. Determine v(